**2 - 8*t + 9. Let u be g(-9). Let c(p) = 3*p + 2 + 1 + u*p - 5*p. Calculate c(3).
-3
Let r = -1 - -7. Let c(y) = y - 1. What is c(r)?
5
Let j(w) = -2 - 2*w + 5 + 0. Determine j(-3).
9
Let t(j) be the second derivative of -j**3/6 + j**2/2 - 5*j. Determine t(-5).
6
Let v = -1 + 2. Let g(s) = -s + 1. Let y(m) = -3 + m**2 + 1 + 0*m**2. Let i(k) = v*y(k) + 6*g(k). What is i(3)?
-5
Let y = 6 - 4. Let s(o) = -o**3 + 3*o**2 - o + 1. Give s(y).
3
Let d(n) be the first derivative of 3*n**2/2 - n - 14. Determine d(-2).
-7
Suppose b = -4*q + 3*b + 78, -q - b = -15. Let i be ((-2)/(-3))/(4/q). Suppose 4 - i = -r. Let x(a) = 5*a**2 + a. Determine x(r).
4
Let z(t) = -t**3 + 5*t**2 + 6*t - 9. Let h = 13 + -7. What is z(h)?
-9
Let w(n) = -16*n**3 - 36*n**2 - 25*n - 5. Let x(f) = 3*f**3 + 7*f**2 + 5*f + 1. Let r = -26 + 47. Let s = r + -32. Let t(y) = s*x(y) - 2*w(y). Determine t(-4).
3
Let d(n) = -14*n**3 - 5*n**2 - 14*n - 8. Let q(i) = -5*i**3 - 2*i**2 - 5*i - 3. Let f(t) = 6*d(t) - 17*q(t). Determine f(-3).
9
Let d(h) = 6*h**3 + 1. Suppose r = -2, -5*z + 0*r = -r - 7. Let v be -2*3/((-6)/z). Calculate d(v).
7
Let p(n) be the first derivative of -n**4/4 + 4*n**3/3 - 2*n + 22. Calculate p(4).
-2
Let f(p) = -6*p**2 + 226*p**3 + 226*p**3 + 6 - 451*p**3. What is f(5)?
-19
Suppose 5 = m + 3. Let w(l) = 2*l - l - m + 7 + 4. Determine w(-7).
2
Let o(s) = -2*s - 6. Let y(w) = w**3 + 5*w**2 + 2. Let b be y(-5). Let r be 5/(-10) + (-7)/b. Give o(r).
2
Let d(t) = -6*t**3 - 4*t**2 + t. Let j(h) = -h**3 - h**2. Let i(g) = -d(g) + 5*j(g). What is i(0)?
0
Let z(a) = a**2 + 4*a - 7. Let q be z(-6). Suppose 2*j = 2*l - 3*l + 14, 4*j + 3*l = 28. Let i(o) = 3*o + 2*o**2 - 1 + 7 - o**2 - j*o**2 + o**3. Give i(q).
-4
Let t(f) be the first derivative of f**4/4 - f**3/3 - 4*f - 37. What is t(0)?
-4
Let b(h) = 7*h**3 + 11*h**2 + 17*h + 5. Let a(y) = -4*y**3 - 5*y**2 - 9*y - 2. Let r(q) = -5*a(q) - 3*b(q). Give r(-7).
-12
Let a(y) = -5*y**3 + 2*y**2 - 1. Let p be 0*((-3)/2 + 2). Suppose -g + m - 6 = 0, -5*g + g - 3*m + 11 = p. Determine a(g).
6
Let d(j) = -j + 1. Suppose 5*k - 3*k = 4. Let q(c) = 5*c + 7. Let g(p) = k*d(p) + q(p). What is g(-6)?
-9
Suppose 4*c - 18 = 2*t, 3*c = 3*t - 6*t + 18. Let u be -2*t/(4/(-10)). Let q(b) = -b**2 + 3*b + 4. What is q(u)?
-6
Let f(q) be the third derivative of -q**7/840 - q**6/90 + q**5/20 + 7*q**4/24 + q**3/2 + q**2. Let n(t) be the first derivative of f(t). What is n(-5)?
2
Let u(n) = -n**2 + 0*n**2 - n - 2 - 2 + 11. Give u(5).
-23
Let x(m) = -m**3 + m. Let h be 2/6*-3 + 3. Let i = 3 - h. Determine x(i).
0
Let k(a) be the second derivative of -a**4/12 + a**3/3 + a**2 - 7*a. Give k(-2).
-6
Let c be 9 - ((-1 - -1) + -3). Let n be 1/(-2) + c/8. Let d be 1/n*(-1 - 0). Let y(k) = -6*k. What is y(d)?
6
Let g(h) = -h**3 + 6*h**2 + 8*h - 7. Let p be g(7). Let y(f) = 1. Let k(n) = -n - 17. Let c(r) = -k(r) - 6*y(r). Give c(p).
11
Let o(y) be the third derivative of y**6/120 - y**4/12 + y**3/6 - y**2. Let u(f) = -f - 7. Let p be u(0). Let b = p + 5. Calculate o(b).
-3
Let p(i) be the second derivative of 2*i - i**2 + 1/6*i**3 + 0. Suppose 3*f = 3*o - o + 10, 0 = -5*f. What is p(o)?
-7
Let u be 2*((-9)/2 - -3). Let o be -6 - (1 - (-9)/u). Let t(v) = -v**2 - 5*v + 5. Give t(o).
9
Suppose p = -0*p. Let g(c) = -2*c**2 + 11*c - 12. Let a(w) = -w**2 + 6*w - 6. Let i(f) = 11*a(f) - 6*g(f). What is i(p)?
6
Let p(x) = -4*x**2 - 5*x - 8. Let j(a) = 5*a**2 + 6*a + 9. Let i(d) = 5*j(d) + 6*p(d). Let g be i(0). Let l(f) = -f**3 - 3*f**2 - 3*f. Give l(g).
9
Suppose -h = -3*h + 3*q, -5*h + 4*q = 0. Let z(k) be the third derivative of -1/6*k**3 - 1/120*k**6 + 0*k + k**2 + h*k**5 + 0*k**4 + 0. Give z(2).
-9
Let a(d) = 3*d + 16. Let y be a(-7). Let v(b) = b + 4. Determine v(y).
-1
Let i(c) = -3*c**3 - 5*c**2 + 3*c - 2. Let f(s) = 5*s**3 + 9*s**2 - 5*s + 3. Let d(w) = -4*f(w) - 7*i(w). Determine d(2).
4
Let q(f) = 3*f + 1. Suppose -12 + 3 = 3*m. Let x be m/(-6) + 10/(-4). Determine q(x).
-5
Let y(u) = u**2 + 6*u + 10. Let q be y(-4). Suppose -4*l = l - q*k - 4, -2*l - k = 2. Let c(h) = h**3 + h**2 - h - 4. What is c(l)?
-4
Let g = 2 - 1. Suppose 0 = s - 0 - 2. Let y(r) = -r**s - 2*r + r**3 + g + 0*r**3 + r. Determine y(2).
3
Let t(v) = -3*v**2 - 2*v + 2. Let p(g) = g**3 - 9*g**2 + 8*g. Let a be p(8). Suppose a = -5*m - 10 + 55. Let k be 12/(-9) - 6/m. Calculate t(k).
-6
Let r(a) = -a**2 + 0 + 2*a**2 + 2*a + 1 - a**3. Let n(y) = y**2 - 6*y + 4. Let v be n(5). Calculate r(v).
1
Let u be (-4)/4 - (-2 + 2). Let f(g) be the first derivative of 2*g**4 + g**3/3 + g**2/2 - 1. Determine f(u).
-8
Let t(w) = w + 1. Let h(r) = -26*r - 11. Let f(a) = -5*a - 2. Let c(y) = -11*f(y) + 2*h(y). Let j(z) = -c(z) + t(z). Calculate j(4).
-7
Let w(b) = b + 17. Let m be w(-8). Let n(f) = -f**3 + 10*f**2 - 9*f. Let a be n(m). Let r(q) = q**2 - q + 9. Determine r(a).
9
Let z(t) = 18*t**3 - 4*t - 4*t + 2 - 7*t**2 - 30*t**3 + 11*t**3. Calculate z(-6).
14
Let b(t) = 4 - 9*t - 12 - 2*t**2 - 2*t**2 + 5*t**2. Calculate b(8).
-16
Let b = 1 + 2. Let s be b + -3 - 2 - 0. Let j(u) = -2*u**2 - 3*u - 2. What is j(s)?
-4
Let f = -6 + 6. Suppose 0 = -f*b + 5*b + 20. Let z(r) = 4*r**3 - 8*r**2 - 5*r + 9. Let n(k) = -3*k**3 + 5*k**2 + 3*k - 6. Let v(p) = 7*n(p) + 5*z(p). Give v(b).
3
Let y(q) be the second derivative of -q**5/20 + q**4/2 - q**3/2 - 5*q**2/2 + 17*q. Calculate y(5).
5
Let k(o) = -5*o - 3. Let j = 4 - 4. Let q(p) = j*p + p + p. Let d be q(-1). Calculate k(d).
7
Let c(x) = -x**2 - 4*x + 2. Suppose 0 + 2 = -s. Let i be (1/s)/((-1)/16). Suppose 2*j + i = -0. Calculate c(j).
2
Let z(o) = 6*o**3 + 55*o**2 - 61*o - 25. Let t(c) = c**3 + 11*c**2 - 12*c - 5. Let s(k) = -11*t(k) + 2*z(k). Determine s(10).
5
Let j(s) be the third derivative of -s**8/20160 + s**7/840 - s**6/180 - s**5/30 + 3*s**2. Let g(w) be the third derivative of j(w). Determine g(6).
-4
Let o(w) be the third derivative of w**4/4 - w**3/2 - 12*w**2. What is o(2)?
9
Suppose -2*w = -4*w + 8. Let z(c) = -c**2 + 0 + 13*c + w - 10*c. Determine z(3).
4
Let x(q) = 6 + 0 + q - 5. Let i be -8 + 1 - 24/(-12). Let r be x(i). Let b(o) = o**2 + 4*o - 5. Give b(r).
-5
Suppose 0 = -7*u - 20 + 41. Let b(l) = 3*l. Calculate b(u).
9
Let j(a) = a**2 - 5*a + 2. Let w be j(5). Suppose g = 2*g - w. Let m(x) = 2*x**2 - g*x**2 + 2 + 3*x + 4*x**2 + x. Calculate m(-2).
10
Let w(p) be the first derivative of -p**2/2 + 16. Determine w(-2).
2
Let k(f) = -6*f + 1 - f**2 + f**3 + 2*f**2 - 4*f**2. Let b be (-1)/(-3 - (-3 + 1)). Suppose -4*l - 4*t = l - 8, -l - t = -b. Calculate k(l).
-7
Let b(f) = -f + 11. Suppose 2*c = -3*j + 10, -c - 2*c - j = -22. Determine b(c).
3
Let t(v) be the second derivative of -4*v + v**2 + 1/6*v**3 + 0. Let p(y) = y**3 + 6*y**2 + 2*y + 7. Let x be p(-6). Determine t(x).
-3
Let j(i) = -i**2 - i. Let z = 1 - -5. Let k be 2/5*15/z. Calculate j(k).
-2
Suppose h + 3*f + 4 = 0, 9 = -5*f - 1. Suppose u = -h - 3. Let b(l) be the second derivative of l**4/12 + l**3 + 7*l**2/2 - 2*l. Determine b(u).
2
Let k(i) = i**2 - 10*i + 9. Let c(f) = -f**2 + 9*f - 8. Let y(n) = -6*c(n) - 5*k(n). Let x(a) = a**2 + 10*a + 4. Let z be x(-10). What is y(z)?
3
Let p = 238 - 242. Let c(x) = x**2 - 3*x - 7. Let y be c(5). Let a(d) = d**2 - 2 + 2 + 3*d + y. Calculate a(p).
7
Let p(n) = n - 2. Let z(i) = -i + 3. Let y(c) = -3*p(c) - 4*z(c). Determine y(4).
-2
Let x(k) = -k + 10. Let p be x(5). Let z be 0 + ((-10)/5 - -6). Let m(l) = z + p*l - 6*l + 5*l. What is m(-3)?
-8
Let m(p) = p**3 + 5*p**2 + p + 3. Suppose -6*i - 62 + 32 = 0. What is m(i)?
-2
Let d(p) be the first derivative of p**3/3 - p**2/2 - 3*p - 2. Suppose -5*w = -4*m + 25, 4*w + 20 = m + m. What is d(m)?
-3
Let x(m) = m**3 + 5*m**2 - 5*m + 3. Suppose 0 = -5*a - 4*r - 10, -29 = -5*r - 4. Determine x(a).
-3
Let h(w) = -2*w - 6. Let z be (-16)/(-2)*(-5)/10. Let g(i) = 7*i + 12. Let c(p) = -6*p - 11. Let m(a) = 6*c(a) + 5*g(a). Let b(q) = z*h(q) + 5*m(q). Give b(4).
6
Suppose 0 = 6*r - 2*r - 20. Suppose r*n + 1 + 4 = 0. Let g(j) = -4*j**2 + 1. Determine g(n).
-3
Suppose 0 = -5*r + 23 - 8. Let c(m) be the second derivative of -m**5/20 + m**4/6 + m**3/3 - m**2/2 - m. What is c(r)?
-4
Let o(s) = -s**3 + 3*s**2 - 2. Let c = 5 - 3. Let a be (-4)/(-2) - 0/c. What is o(a)?
2
Let m(k) = 6*k**2 + 1. Let t = 18 - 36. 